-1).
10
Let z(b) = -2*b**2 + b - 4 + 3 - b**3 + b + b. Give z(-3).
-1
Suppose i + 3 = o - 7, 4*i + o = -15. Let u(p) = p - 2. What is u(i)?
-7
Let s(l) be the third derivative of -l**4/12 + l**3/3 - 16*l**2 - 1. Give s(3).
-4
Let a(w) be the third derivative of w**5/60 + w**4/4 + w**3/3 + 9*w**2. Give a(-6).
2
Let x be (2/5)/(3/(-15)). Suppose 3*a + 4 = 16. Let m(d) = -a + 0*d + 5 - 2*d**2 + d. Give m(x).
-9
Let w(n) = -n**3 + 3*n**2 - 2*n - 2. Let x(q) = q**2 + 5*q - 4 + 11 + q. Let o = -47 + 42. Let t be x(o). Determine w(t).
-2
Let u(v) be the first derivative of v**4/4 - 8*v**3/3 + 4*v**2 - 7*v + 3. What is u(7)?
0
Suppose -2*r + 5*h = -5, -2*r - 2*h + 3 = -5*h. Suppose -m + r*m = -3*v - 16, -m = v. Let a(g) be the first derivative of -g**2/2 - 2. Calculate a(v).
4
Let u(s) = -2*s. Let v(f) = -2*f. Let o(q) = -5*u(q) + 4*v(q). Let a be o(1). Let d(j) = -3*j**2 + 2*j + 1. What is d(a)?
-7
Let z be -1*(-1)/2*-6. Let r = 2 + z. Let j(g) = -3*g. Determine j(r).
3
Let q(f) = 1 - 5*f + 4*f + 10 + 2*f. What is q(-6)?
5
Let f be 5 - 0 - (-18)/(-6). Let o(g) = 2*g + 1 - 3*g + g**f + g**2 - 3*g**2. Give o(2).
-5
Let s be (3/2)/((-3)/(-6)). Suppose -x = x - h - 7, s*h = -x. Let v(z) be the first derivative of -3*z**2/2 + z + 1. Determine v(x).
-8
Let i = -36 + 41. Let x(w) = 6 - 3 - 3 - 3*w + w**2 - 1. Calculate x(i).
9
Let x(l) = -4*l + 2350*l**2 - 2349*l**2 + 3 - 2. Give x(4).
1
Let v(w) = -w**2 - 7*w - 1. Suppose x + 4 + 2 = 0. Give v(x).
5
Let s(a) = a**3 + a**2 - 2. Suppose 0 = -0*q - 2*q + 4. What is s(q)?
10
Suppose 0 = -4*m - 11 + 31, -2*r + 3*m = 5. Suppose 4*n - 30 = a, n = -2*n - r*a + 11. Let z(w) = -w + 7. What is z(n)?
0
Let w(y) = -y - 4. Let u be ((-2)/(-10))/((-1)/(-5)). Let f = u + -4. Determine w(f).
-1
Let x(q) = -3*q + 1. Let d(j) = j**2 - 7*j + 3. Let b(r) = 2*d(r) - 5*x(r). Give b(2).
11
Let d(y) be the third derivative of -11*y**6/720 + y**5/120 - y**4/6 + 7*y**2. Let c(z) be the second derivative of d(z). Calculate c(-1).
12
Let o be ((-56)/(-6))/((-6)/(-9)). Let u(d) = o*d - 2 + 3 - 9*d. Calculate u(-2).
-9
Let i(u) = 0 - 3*u + 5 - 2*u**2 - 3 + 3*u**2. Calculate i(4).
6
Let d(j) be the third derivative of j**7/2520 - j**6/120 - j**4/24 - j**2. Let o(r) be the second derivative of d(r). Let n be 4/22 + (-106)/(-22). Give o(n).
-5
Suppose 0 = -2*q - 10, -4*o - 2*q = 2*q. Suppose 1 + o = 2*v. Let g(d) = d**2 - 17 - 2*d + 6 + 10. Calculate g(v).
2
Let m(a) = 2*a + 1. Let d be m(6). Suppose d - 3 = -5*f. Let b(n) = 26 - 28 + n + n. What is b(f)?
-6
Let k(z) be the first derivative of 3*z**2 - 3*z + 34. What is k(4)?
21
Let q(d) = -9*d - 7. Suppose 2*w + 3*c + 10 = 0, -4*w - 2*c + 25 = -9*w. Let h(z) = -5*z - 4. Let f(l) = w*h(l) + 3*q(l). Determine f(4).
-9
Let h(o) = -o**3 - 8*o**2 - 6. Let w be h(-8). Let y(i) = -i**2 - 5*i + 5. What is y(w)?
-1
Let w(r) = -r**3 + 9 - r**2 + 0 - 1 - r. Let y be 6*4/72*0. What is w(y)?
8
Let b(j) = -j. Let t be b(-8). Suppose 12 = 4*k - t*k. Let y(v) = 2*v + 4. Give y(k).
-2
Let t be 1 - 4 - (5 - 11). Let y be t*(-4 - -2)/2. Let j(p) = p**2 + 2*p - 1. What is j(y)?
2
Suppose -3*m + 7*m - 12 = 0. Suppose 3*q = 2*q + 2. Let w(p) = 2*p**3 + 4 - 4*p - 3*p**3 + 4*p**2 + q*p. Give w(m).
7
Let y(w) = -7*w**3 - 14*w**2 - 25*w + 12. Let h(q) = -3*q**3 - 7*q**2 - 12*q + 6. Let s(f) = -9*h(f) + 4*y(f). What is s(8)?
-6
Let t be (0 + -4)*(-9)/6. Let j = 3 - t. Let q(w) = w**2 + 4*w - 1. What is q(j)?
-4
Let t(f) = -5*f**3 - 2*f**2 + 2*f - 7. Let d(o) = -6*o**3 - 3*o**2 + 2*o - 8. Let n(q) = 6*d(q) - 7*t(q). Let b(m) = m + 2. Let w be b(-4). Determine n(w).
-3
Let g(o) = -o**3 - 5*o**2 + 8*o + 8. Let n = 9 + -15. What is g(n)?
-4
Let g be (27/3)/(-3)*-1. Let m = g + -1. Let v(u) = -u**2 + u - 2. Determine v(m).
-4
Let h(o) be the second derivative of 0 + 2*o + 1/12*o**4 + 2*o**2 + o**3. What is h(-5)?
-1
Suppose 4*z - 12 = -h, -3*h + 2*z + 4 = -h. Let m(v) = -v**2 + 3*v - 2. Determine m(h).
-6
Let n(v) = 2*v**2 - 5*v - 2. Let c be n(4). Let x be 1*c/6*3. Let a(s) = -s**2 + 8*s - 6. Determine a(x).
9
Let w(x) be the second derivative of -x**4/12 - x**3/3 + x**2 + 20*x. Give w(-3).
-1
Suppose 3 = 5*s - 2. Let r(c) = -10*c**3 - c**2 + 2*c - 1. Determine r(s).
-10
Let t(c) be the second derivative of c**4/12 - 7*c**3/6 + 2*c**2 - c. Let s(z) = z**3 + 4*z**2 + 2*z + 2. Let m be s(-3). Determine t(m).
-6
Let r(v) = -6*v**2 - 4*v - 2. Let f(y) = -5*y**2 - 3*y - 1. Let p(o) = -5*f(o) + 4*r(o). Let w = -10 - -15. Suppose 3*l = w*l. Calculate p(l).
-3
Let c(m) = m - 3. Suppose 2*i - 14 = 3*z - z, -2*i - 4*z - 16 = 0. Suppose -i*a - 1 = 9. Give c(a).
-8
Suppose 0 = b + 5. Let u = 2 + b. Let j(a) = -a**2 - 7*a - 1. Determine j(u).
11
Let r(w) = -w**2 + 15*w - 16. Let s be r(14). Let v(g) = -g + 1. Let k(u) = 0*u**2 + 2*u**2 + 8 + u**3 - 7*u + 6*u. Let o(t) = -k(t) + 5*v(t). What is o(s)?
5
Suppose 12*n + 2 = 14. Let s(i) = 6*i**2 - i + 1. Calculate s(n).
6
Let p(k) = k**2 + 4*k - 9. Let c(v) = v**2 + 3*v - 8. Let u(b) = 5*c(b) - 4*p(b). Determine u(-3).
8
Let f(u) = -1. Let p(c) = c**2 - 7*c + 2. Let k(h) = -4*f(h) + p(h). Give k(4).
-6
Suppose 3*j + 0*j = -15, -5*y - 3*j = 20. Let i(w) be the first derivative of -1 + 0*w**2 - 6*w**2 - 2. Calculate i(y).
12
Let t = 22 + -16. Let p(u) = u**3 - 6*u**2 - u + 7. Calculate p(t).
1
Let u(a) = a**2 + 5*a. Let o(m) = -m**3 - 8*m**2 - 3*m + 6. Let h be o(-8). Suppose -4*n - h = n. Determine u(n).
6
Let p(q) = 3*q**2 - 2*q + 2. Suppose -11 = -2*o - 7. Suppose 6 = -o*k + 5*k. Give p(k).
10
Let l be 1/(3/18*1). Let f(w) = w**2 - 7*w - 3. Give f(l).
-9
Let g(a) = 5*a**2 + 11*a - 8. Suppose -22 - 12 = 4*p + 2*y, 4*y = p - 14. Let u(i) = -11*i**2 - 23*i + 17. Let c(k) = p*u(k) - 13*g(k). Calculate c(4).
-2
Let s = 31 - 34. Let q(x) = -x**3 - 4*x**2 + 1. Give q(s).
-8
Let r(g) = g**3 + 4*g**2 - 3 - 4 - 6*g + 0*g**3. What is r(-5)?
-2
Let f(s) = -6*s**3 + 4*s**3 + 3*s + 4 + 3*s**3 - 5*s**2. Let d = -144 + 148. What is f(d)?
0
Suppose 0*s + s = 2. Let t(x) = -4 + 6 + 2*x**2 - 2*x**2 - x + x**2. What is t(s)?
4
Let j(z) = -9*z + 4. Suppose -10 = 3*q - 2*t - 27, 2*t + 12 = 2*q. Let s(x) = -8*x + 3. Let k(o) = q*s(o) - 4*j(o). Determine k(-1).
3
Let r = -2 + 6. Let h = r + -3. Let f(j) = 0*j + h + 5 - j. Give f(5).
1
Let j(p) = -7 + p + 0 + 6. Give j(7).
6
Let i be (-2)/7 + (-220)/(-35). Let t(m) = -1 + 3*m + 3 - i. Give t(4).
8
Let d(h) = -h**2 + 3*h - 2. Let r be d(2). Let m(s) = 0 + 2*s + r*s - 4. Let g(a) = -a**3 + 19*a**2 + a - 16. Let u be g(19). Determine m(u).
2
Let i(h) be the first derivative of -1/4*h**4 + h**2 - 2 - 4*h + h**3. Determine i(4).
-12
Suppose 0 = 10*q - 12*q + 10. Suppose 20 = -0*l + q*l, -4*n + 2*l = 16. Let h(c) = c**3 + c**2. Determine h(n).
-4
Let h(n) = -2*n + 15. Let m be h(9). Let r(k) = k**2 - k - 6. Calculate r(m).
6
Let z(y) = y**3 + 5*y**2 + 4*y + 6. Let l(d) = -d**3 - 8*d**2 - 9*d - 2. Let q be l(-6). Let i be (10/25)/(2/q). Calculate z(i).
6
Suppose -d = 2, -3*a - 5*d + d + 4 = 0. Let n(s) = s - 3. Let l be n(6). Let c(f) = -5*f**2 + 5*f + 3*f**3 - f**l + 0*f**2 - 6 - f**3. Give c(a).
-2
Let r = 24 - 4. Suppose -b + r = 3*b. Let m(p) = -p**3 + 6*p**2 - 4*p - 4. What is m(b)?
1
Suppose 0 = 3*o - 3*g + 33, -3*g = -3*o + 2*g - 43. Let y(z) = z**3 + 5*z**2 - 7*z + 3. What is y(o)?
9
Let r(m) = 0 + 2 + 2 + m - 5. What is r(-8)?
-9
Let n(v) = 3*v - 60. Let y be n(20). Let t(l) = l**2. Determine t(y).
0
Let i(f) = -f - 6. Let g(p) = 2. Let k(q) = 11*g(q) + 4*i(q). Let o be (-1)/(1/(-2)) - -4. Let j(a) = -a**3 + 6*a**2 + a - 8. Let u be j(o). Calculate k(u).
6
Let k = 2 + 2. Suppose 2*n + 18 = k*b, -3*n = b + 1 + 12. Let p(o) = -o - 3. Calculate p(n).
2
Let j(m) = -m**2 + m - 3. Let k be j(0). Let o(i) = -2*i**3 - 3*i**2 + 5*i + 4. Calculate o(k).
16
Suppose -u + 0*u = 0. Let o(h) = h + 11. Determine o(u).
11
Let c(d) be the third derivative of 1/60*d**5 + 0*d - 1/4*d**4 + 0*d**3 - 4*d**2 + 0. Give c(3).
-9
Let i = 22 - 27. Let a(v) = 3*v + 7. Give a(i).
-8
Let c(u) = 0*u + 10*u - 9*u + 2. What is c(9)?
11
Let n(t) = t**3 - 3*t**2 - 2*t + 5. Let x(j) = j**3 - j**2 - 2*j + 4. Let m be x(0). Give n(m).
13
Suppose 8 = s - 4*g, -2*g = -4*s + 2*s + 10. Suppose k - 2 = -k. Suppose 5*o + 3*t = 17, 3*o - 2*t + s + k = 0. Let a(r) = -6*r. Determine a(o).
-6
Let w b